08, 2*k = -4*d - p*k + 5590. Is d a composite number?
False
Let m be ((-24)/18)/2*-5439. Suppose m + 9099 = n - 4*s, s - 38214 = -3*n. Is n a prime number?
False
Let y = 15040 + 3611. Let h = y + 2596. Is h prime?
True
Let m(d) = -d**3 - 2*d**2 - d + 20. Let l be m(0). Suppose 0 = 7*o - 2*o + l. Is 785 + 20/o*8/(-20) composite?
False
Suppose 0 = -a + 3 - 2, -4*d - 11 = 5*a. Let j be (-1)/1 + d + 3303. Suppose 4*u - 2*t - 6178 = 0, -4*t = -5*u + j + 4429. Is u prime?
True
Let n(x) = -17*x**2 + 7 - x - 4*x**2 + 15*x**2 + x**3 + 18*x**2. Is n(14) a prime number?
False
Let k(s) = s**3 - 48*s**2 - 2*s + 190349. Is k(0) a composite number?
True
Let w(k) = 12*k**2 + 134*k - 341. Is w(-57) a prime number?
False
Let x be ((36/(-4))/(-3))/1. Suppose x*g = p + 24785, 6*g + p + 41311 = 11*g. Is g composite?
False
Let o = 1195 - 407. Let n = o - 51. Is n composite?
True
Let b(j) = -3*j**2 - 12*j - 10. Let o(w) = 7*w**2 + 23*w + 20. Let l(h) = -5*b(h) - 2*o(h). Let x be l(-13). Is -485*(-2)/((-6)/x) prime?
False
Suppose 5*c = -2*d + 54, c + 3*d - 9 = 7. Let w be ((-1)/(1 - -1))/(c/40). Is ((-10)/w)/(2/14) a prime number?
False
Is (1 - -51085) + 608 + -615 composite?
True
Let u = 6352002 - 4217557. Is u prime?
False
Suppose -2385511 = -56*g + 74625. Is g prime?
False
Let q be (-3)/(-1) - (5 - 574). Let c be 102/(-561) + (-14225)/(-11). Let z = c - q. Is z prime?
False
Let j be (174/(-36) - -1)/((-2)/12). Suppose 167556 = 35*y - j*y. Is y composite?
False
Let p(c) = -c**3 + 15*c**2 - 11*c - 30. Let q be p(14). Let j be 13/(-2) + (-6)/q. Is -2 - 1 - (j - -7) - -62 a composite number?
False
Let q(i) = 216*i + 163. Let x(d) = d**3 + 36*d**2 + 65*d - 76. Let s be x(-34). Is q(s) prime?
True
Suppose -103*x + 118*x + 166*x = 8704471. Is x a prime number?
True
Let q(m) = -615*m + 461. Is q(-8) a composite number?
False
Let t(x) = 4454*x**2 + 63*x - 364. Is t(5) composite?
False
Let y(i) = 20*i. Let k be y(-17). Let w = 1317 - k. Is w a composite number?
False
Suppose 115*n - 113*n = 33900. Let b = 24101 - n. Is b composite?
False
Let g = -955 + 641. Suppose -s + 629 = -31. Let h = g + s. Is h a prime number?
False
Let t be (13 + -10)*(-10)/(-3). Suppose 0 = 5*z + t*z - 7305. Is z a composite number?
False
Suppose v - 486 = 2*o, 4*v = -5*o + 1126 + 831. Suppose i - v = -4*u + 1711, u - i = 556. Is u a composite number?
True
Let v(t) = 80*t**3 - 46*t**2 - 13*t - 395. Is v(22) prime?
False
Let o = 26807 + -5454. Is o a composite number?
True
Suppose -s = 2*w + 2, -w + 4*s + 4 = 2*s. Suppose -l + 5*v + 2079 = 0, 5*l + w*l - 5*v = 10475. Is l composite?
False
Let a be 6 + -8 + (-126504)/(-4) + -2. Is (-1)/(-4) - a/(-8) a prime number?
False
Let z = 475 - 475. Let o(c) = c**3 + c - 4*c + 67 + c. Is o(z) composite?
False
Suppose 4*b + 4*c = 24516, 0 = -41*b + 43*b - c - 12264. Is b prime?
True
Let t(s) = -s**2 + 13*s - 17. Let u be t(11). Suppose -7*q + 4*q + 4966 = u*g, -2*q + 3319 = -5*g. Is q a composite number?
False
Suppose 18*i - 17*i - 2676 = 0. Let u = -195 + i. Is u a composite number?
True
Suppose 30*d = 1419 + 561. Is d/(-110) - 38919/(-15) composite?
True
Suppose -74 = 4*c + 22. Let f = c + 40. Is (-74 - 0)*(-40)/f a prime number?
False
Let f = 5659 + -7939. Let k = 20619 + f. Is k a prime number?
False
Suppose 7*x + 3211 = 237977. Let a = x + -21761. Is a a prime number?
True
Let x(s) = -s**3 - 6*s**2 - 3*s - 11. Let o be x(-6). Suppose 12945 - 43206 = -o*y. Suppose y = 3*p + 2*w, -5764 = -4*p + 2*w - w. Is p composite?
True
Let d be -6*(-2)/(-18)*-3. Suppose 0 = 4*z - 2*f - 475 + 2005, -d*f = 5*z + 1935. Let p = 608 + z. Is p a composite number?
False
Suppose 0*o + 65*o + 53*o = 23814052. Is o prime?
False
Let u = -226892 - -557775. Is u a composite number?
True
Let h be (16/3)/(5/30). Let i = 32 - h. Suppose i = -2*u - 0*u + 314. Is u a composite number?
False
Let t = 51069 + -22946. Is t prime?
True
Let p be 3/(-3) + -3*(-2)/6. Let m(v) = -v**3 - v**2 - v - 45. Let s be m(p). Let a = s - -172. Is a prime?
True
Suppose 21*d - 667172 - 760674 - 442771 = 0. Is d a composite number?
True
Let t = 680 - 657. Let k(a) = 6*a**2 - a - 272. Is k(t) composite?
False
Let d = -699490 + 1188270. Suppose 4*s + d = 24*s. Is s composite?
False
Let d(y) = -y**2 - 14*y. Let g be d(-7). Suppose g*m - 24 = 43*m. Let z(n) = 3*n**3 - n**2 - 14*n - 5. Is z(m) a composite number?
True
Suppose 4*u - 4*k - 952 = 0, u - 2*u + 238 = -5*k. Let l = -340 + u. Let y = l - -289. Is y composite?
True
Let q(j) = j**3 - 6*j + 22. Let x be q(13). Suppose 2*c - x = 3*v + 1320, 2*v - 1713 = -c. Is c composite?
False
Let o(u) = 4*u + 3*u**2 + 2*u**2 - 16 - 4*u**2 - 3*u. Let t be o(-5). Is (-1)/(0 + t/(-204)) a prime number?
False
Let c = 52 - 51. Let o be 2/4*(-2 + (1 - c)). Is (1 - (o - -4))/(6/(-2031)) a composite number?
False
Let o = 394669 + -224628. Is o a composite number?
True
Suppose -72269498 = -197*j + 116244333. Is j a composite number?
True
Let o(u) = -u + 2. Let l be o(0). Suppose 759 = 5*g + 3*p - 824, -p - 631 = -l*g. Suppose 8*f = 156 + g. Is f composite?
False
Let g be 4/8*-2 - (-2)/2. Suppose g = 40*y + 104177 - 813337. Is y a prime number?
True
Let c(x) = x**2 - 4*x - 930. Let s be c(0). Let q = -1753 - -3514. Let z = s + q. Is z composite?
True
Let n(g) = g**3 - 30*g**2 + 98*g + 9. Suppose -300 = -10*a - 0*a. Is n(a) a composite number?
True
Suppose 0 = 4*a + 5*g - 330497 - 365810, -2*a = -5*g - 348131. Is a composite?
True
Let k = -3534 + 11327. Suppose 5*f - 9823 = -2*y + k, -2*f + 26435 = 3*y. Is y prime?
False
Suppose -5159633 + 1014314 = -2*h - 7*h. Is h a prime number?
False
Is 0 + 5 - (-1 + 2659095/(-15)) composite?
True
Let b(p) = -7*p + p**3 - 4*p**2 + p**2 + 0*p**3 + 9 - 4*p**2. Let q(w) = -2*w**3 + 14*w**2 + 14*w - 17. Let h(c) = 5*b(c) + 3*q(c). Is h(-7) composite?
False
Let r(h) = h + 3. Let n be r(-4). Let d(a) be the second derivative of -9*a**3/2 - 5*a**2/2 - 243*a + 1. Is d(n) composite?
True
Let o = -23 + 86. Suppose 64*h + 308 = o*h. Let v = h - -991. Is v a prime number?
True
Suppose 0*z = 28*z + 65*z - 4218387. Is z a composite number?
True
Suppose -62 = -8*p - 46. Suppose 5*z + 0*z - 3368 = 3*f, -5*z = p*f - 3363. Is z a prime number?
True
Suppose 10*d - 27 = 13*d - 3*x, 0 = -d + 5*x - 21. Is 1552 + 9 + d - 8/(-2) a composite number?
False
Suppose 0 = j - 3*a + 1347, -4*j + 2*j + a = 2689. Let o be j/(-72) + 1/((-6)/4). Is 52/2*153/o a composite number?
True
Let o = 53 + -51. Suppose o*x + 44 = 108. Suppose -3845 = 27*u - x*u. Is u prime?
True
Let o(f) be the first derivative of 185*f**2/2 - 138*f + 173. Is o(25) prime?
False
Let s = -265746 - -175542. Is (-1)/((-4)/s*-3) prime?
True
Suppose m + 5*y - 22827 = 0, -m + 2*y + 2*y = -22845. Is m a composite number?
True
Let a = 319 - 627. Let c = a - -1317. Is c prime?
True
Suppose -4*h = 2*w, 3*w - 7*w = -4*h + 24. Suppose i = 4*i + 5*c - 4816, -2*c - 3184 = -h*i. Is i a prime number?
True
Let i(s) = -35*s**3 + 6*s**2 - 23*s - 95. Let f = -172 + 166. Is i(f) a prime number?
False
Let u be 185334/27 - (-2)/(-9). Let n = u + -4765. Let q = n - 1146. Is q a prime number?
True
Suppose -14882 = 8*n + 20222. Let q = -819 - n. Is q a composite number?
True
Suppose 222*z + 120 = 227*z. Is (4168/z)/((-4)/(-84)) composite?
True
Let i = -141 + 97. Let x = i + 46. Suppose 0 = -x*a + 209 + 117. Is a a composite number?
False
Let i(l) = 5*l**3 - 8*l**2 + 18*l + 5. Let x = 1 - -10. Let a(p) = -5*p + 65. Let k be a(x). Is i(k) a composite number?
True
Let t(x) = -x**3 - 41*x**2 + 181*x + 57. Let d be t(-45). Let s(c) = -9183*c - 2. Let f be s(-3). Is f/78 - 2/d a prime number?
True
Let c = -105493 - -205442. Is c a composite number?
True
Suppose -53*t + 113724 = -66*t. Let b = 12631 + t. Is b prime?
False
Let q be (0 - (3 + -1)) + 8. Suppose -q*k = -2*k - 12. Suppose 3*u = -2*u + 5, k*i = -5*u + 227. Is i prime?
False
Suppose 77 - 90 = -o. Suppose o*r - 4*r = 39834. Is r a prime number?
False
Let j = 36 + -8. Suppose j = 8*t - 36. Suppose m + 8813 = t*m. Is m prime?
True
Suppose 0 = 2*j + 952 - 940, 2*j = 3*q - 2004909. Is q a composite number?
True
Let n = 7 + -1. Let s be (((-3080)/n)/2)/(2/(-6)). Suppose 4*f - 760 = 2*d, 3*d + 0*d - s = -4*f. Is f prime?
True
Suppose 423113 = 787*t - 770*t. Is t a composite number?
